{"id":28,"date":"2013-10-24T18:10:04","date_gmt":"2013-10-24T16:10:04","guid":{"rendered":"http:\/\/www.seniorenberatungsstelle-vortaunus.de\/wp\/?page_id=28"},"modified":"2026-01-06T13:51:34","modified_gmt":"2026-01-06T11:51:34","slug":"kontakt","status":"publish","type":"page","link":"https:\/\/www.seniorenberatungsstelle-vortaunus.de\/?page_id=28","title":{"rendered":"Kontakt"},"content":{"rendered":"<p>&nbsp;<\/p>\n<table style=\"width: 1358px; height: 613px;\">\n<tbody>\n<tr>\n<td width=\"50%\"><strong><span style=\"color: #ff0000;\">Aufgrund der vielen Gespr\u00e4che vor Ort<br \/>\naber auch laufender Telefonate, <\/span><\/strong><br \/>\n<span style=\"color: #ff0000;\"><strong>bitten wir Sie, unseren Anrufbeantworter zu nutzen,<br \/>\num eine R\u00fcckrufbitte mit Namen des Hilfesuchenden<br \/>\nund seinem Wohnort zu \u00e4u\u00dfern.<br \/>\nWir rufen Sie wirklich zeitnah zur\u00fcck.\u00a0<\/strong><\/span>&nbsp;<\/p>\n<p>&nbsp;<\/p>\n<p><strong>Seniorenberatungsstelle Vortaunus<\/strong><\/p>\n<p>Parkstr. 1<br \/>\n65812 Bad Soden am Taunus<\/p>\n<p>Tel.: ++49 (0)6196-7669792<br \/>\nE-Mail: info@seniorenberatungsstelle-vortaunus.de<\/td>\n<td width=\"50%\"><strong>Unsere Sprechstunden<\/strong><\/p>\n<p>Bad Soden am Taunus<br \/>\nParkstra\u00dfe 1<br \/>\n65812 Bad Soden am Taunus<br \/>\n<strong>Donnerstags 14:00 Uhr bis 16:00 Uhr<\/strong><\/p>\n<p>Liederbach am Taunus<br \/>\nVillebon-Platz 9 &#8211; 11<br \/>\n65835 Liederbach am Taunus<br \/>\n<strong>Mittwochs 14:00 Uhr bis 15:30 Uhr<\/strong><\/p>\n<p>Sulzbach (Taunus)<br \/>\nHauptstra\u00dfe 11<br \/>\n65843 Sulzbach (Taunus)<br \/>\n<strong>Dienstags 16:00 Uhr bis 18:00 Uhr<\/strong><\/td>\n<\/tr>\n<\/tbody>\n<\/table>\n","protected":false},"excerpt":{"rendered":"<p>&nbsp; Aufgrund der vielen Gespr\u00e4che vor Ort aber auch laufender Telefonate, bitten wir Sie, unseren Anrufbeantworter zu nutzen, um eine R\u00fcckrufbitte mit Namen des Hilfesuchenden und seinem Wohnort zu \u00e4u\u00dfern. Wir rufen Sie wirklich zeitnah zur\u00fcck.\u00a0&nbsp; &nbsp; Seniorenberatungsstelle Vortaunus Parkstr. 1 65812 Bad Soden am Taunus Tel.: ++49 (0)6196-7669792 E-Mail: info@seniorenberatungsstelle-vortaunus.de Unsere Sprechstunden Bad Soden [&hellip;]<\/p>\n","protected":false},"author":1,"featured_media":0,"parent":0,"menu_order":0,"comment_status":"open","ping_status":"open","template":"","meta":{"footnotes":""},"class_list":["post-28","page","type-page","status-publish","hentry"],"_links":{"self":[{"href":"https:\/\/www.seniorenberatungsstelle-vortaunus.de\/index.php?rest_route=\/wp\/v2\/pages\/28","targetHints":{"allow":["GET"]}}],"collection":[{"href":"https:\/\/www.seniorenberatungsstelle-vortaunus.de\/index.php?rest_route=\/wp\/v2\/pages"}],"about":[{"href":"https:\/\/www.seniorenberatungsstelle-vortaunus.de\/index.php?rest_route=\/wp\/v2\/types\/page"}],"author":[{"embeddable":true,"href":"https:\/\/www.seniorenberatungsstelle-vortaunus.de\/index.php?rest_route=\/wp\/v2\/users\/1"}],"replies":[{"embeddable":true,"href":"https:\/\/www.seniorenberatungsstelle-vortaunus.de\/index.php?rest_route=%2Fwp%2Fv2%2Fcomments&post=28"}],"version-history":[{"count":24,"href":"https:\/\/www.seniorenberatungsstelle-vortaunus.de\/index.php?rest_route=\/wp\/v2\/pages\/28\/revisions"}],"predecessor-version":[{"id":1400,"href":"https:\/\/www.seniorenberatungsstelle-vortaunus.de\/index.php?rest_route=\/wp\/v2\/pages\/28\/revisions\/1400"}],"wp:attachment":[{"href":"https:\/\/www.seniorenberatungsstelle-vortaunus.de\/index.php?rest_route=%2Fwp%2Fv2%2Fmedia&parent=28"}],"curies":[{"name":"wp","href":"https:\/\/api.w.org\/{rel}","templated":true}]}}