{"id":18,"date":"2013-10-24T18:09:08","date_gmt":"2013-10-24T16:09:08","guid":{"rendered":"http:\/\/www.seniorenberatungsstelle-vortaunus.de\/wp\/?page_id=18"},"modified":"2024-10-01T14:03:51","modified_gmt":"2024-10-01T12:03:51","slug":"leben-zu-hause","status":"publish","type":"page","link":"https:\/\/www.seniorenberatungsstelle-vortaunus.de\/?page_id=18","title":{"rendered":"Leben zu Hause"},"content":{"rendered":"<h2>H\u00e4usliche Hilfen<\/h2>\r\n<hr \/>\r\n<p>&nbsp;<\/p>\r\n<p>Die Seniorenberatungsstelle ber\u00e4t Sie weiterhin gern zu allt\u00e4glichen Pflege- und Hilfsangeboten, u.a. zu den folgenden Themen:<\/p>\r\n<ul>\r\n<li>24-Stunden-Pflege<\/li>\r\n<li>Ambulante Pflegedienste<\/li>\r\n<li>Hausnotruf<\/li>\r\n<li>Essen auf R\u00e4dern\/Mittagstisch<\/li>\r\n<li>Haushaltshilfen (diese werden mittlerweile kaum noch von Pflegediensten ohne weitere pflegerische Leistungen angeboten), wir k\u00f6nnen Ihnen jedoch Kontaktdaten anderer Anbieter von Hauswirtschaft (Selbstzahlung) nennen<\/li>\r\n<li>Betreuung und Begleitung (dies ist bisher nur \u00fcber anerkannte ambulante Pflegedienste abrechenbar)<\/li>\r\n<li>Nachbarschaftshilfen, z.B. die <span style=\"color: #3366ff;\"><a style=\"color: #3366ff;\" href=\"http:\/\/www.seniorenberatungsstelle-vortaunus.de\/wp-content\/uploads\/2018\/11\/B\u00fcrgerhilfe-Bad-Soden-Imagetext-7.11.2018.pdf\" target=\"_blank\" rel=\"noopener noreferrer\">B\u00fcrgerhilfe<\/a><a href=\"http:\/\/www.seniorenberatungsstelle-vortaunus.de\/wp-content\/uploads\/2018\/11\/B\u00fcrgerhilfe-Bad-Soden-Imagetext-7.11.2018.pdf\"><span style=\"color: #3366ff;\"> Bad Soden<\/span><\/a><\/span> oder die <a href=\"http:\/\/seniorenhilfe-sulzbach.de\/\" target=\"_blank\" rel=\"noopener noreferrer\"><span style=\"color: #3366ff;\">Seniorenhilfe Sulzbach<\/span><\/a><\/li>\r\n<li>Palliativmedizinische Versorgung\/Hospizgruppen &#8211; in dieser Region ist Ihr Ansprechpartner <a href=\"https:\/\/www.ahpb-diequelle.de\/de\" target=\"_blank\" rel=\"noopener noreferrer\"><span style=\"color: #3366ff;\">&#8222;Die Quelle&#8220;<\/span><\/a> &#8211; n\u00e4heres <a href=\"https:\/\/www.ahpb-diequelle.de\/de\" target=\"_blank\" rel=\"noopener noreferrer\"><span style=\"color: #3366ff;\">hier<\/span><\/a><\/li>\r\n<li>Umgang mit schwierigen Pflegesituationen und (drohender) \u00dcberforderung<\/li>\r\n<li>Sonstige<span style=\"color: #0000ff;\"> <br \/><\/span><\/li>\r\n<\/ul>\r\n<hr \/>\r\n<p>Adressedatenbank &#8211; \u00c4rzte, Fris\u00f6re, Fu\u00dfpfleger<br \/>Gern sind wir Ihnen bei der Suche nach m\u00f6glichen Anbietern dieser Dienste behilflich.<\/p>\r\n<hr \/>\r\n<p><strong>Suchmaschine f\u00fcr Krankenh\u00e4user nach Region oder Erkrankung:<\/strong> <a href=\"https:\/\/www.aok.de\/pk\/krankenhaus-in-der-naehe\/\" target=\"_blank\" rel=\"noopener\"><span style=\"color: #3366ff;\"><strong>AOK-Krankenhaussuche<\/strong><\/span><\/a><br \/><span style=\"color: #000000;\"><strong>Suchmaschine f\u00fcr \u00c4rzte und Psychotherapeuten nach Kriterien:<\/strong><\/span> <span style=\"color: #3366ff;\"><a href=\"https:\/\/www.aok.de\/pk\/arzt-in-der-naehe\/uebersicht\/?initial_search=true\" target=\"_blank\" rel=\"noopener noreferrer\"><span style=\"color: #3366ff;\"><strong>AOK-Arzt- und Psychotherapeutensuche<\/strong><\/span><\/a><\/span><\/p>\r\n<hr \/>\r\n<h2>Umgang mit <strong>Arzneimitteln<\/strong> und ihren <strong>Wechselwirkungen<\/strong><\/h2>\r\n<p>Medikamente im Alter &#8211; <span class=\"slogan\">Wirkungen und Nebenwirkungen vom Bundesministerium f\u00fcr Bildung und Forschung:<\/span>\u00a0<a href=\"https:\/\/www.gesundheitsforschung-bmbf.de\/files\/230613_BMBF_MedikamenteImAlter_RZ_bf.pdf\" target=\"_blank\" rel=\"noopener\"><span style=\"color: #3366ff;\"><span class=\"slogan\"><strong><span style=\"color: #3366ff;\">www.medikamente-im-alter.de<\/span><\/strong><\/span><\/span><\/a><\/p>\r\n<hr \/>\r\n<h2>Informationen und Hilfe zum Thema Pflege<\/h2>\r\n<p>Wir unterst\u00fctzen Sie individuell dabei, wie Sie finanzielle Hilfen der Pflegekasse und Sozial\u00e4mter erhalten k\u00f6nnen sowie welche Leistungen in Ihrem pers\u00f6nlichen Fall sinnvoll und m\u00f6glich sind. Dabei haben wir langj\u00e4hrige Erfahrungen in diesem Bereich und kennen gleichzeitig die Situation vor Ort. Wir kennen die \u00c4rzte, Institutionen und Anbieter von Dienst- und Pflegeleistungen. Wir verschaffen uns jedoch durch ausf\u00fchrliche Gespr\u00e4che mit Ihnen in der Beratungsstelle, beim Hausbesuch (beides derzeit eingeschr\u00e4nkt), sowie am Telefon oder per Mail einen Ein- und \u00dcberblick in Ihre aktuelle Situation, soweit Sie dies w\u00fcnschen.<\/p>\r\n<hr \/>\r\n<h2>Wohnen<\/h2>\r\n<p>Wir unterst\u00fctzen Sie individuell bei der Auswahl der richtigen Wohnform bzw. beim seniorengerechten Umbau Ihrer eigenen vier W\u00e4nde. Auch hier besuchen wir Sie oder Ihre Angeh\u00f6rigen gern zu Hause um Sie vor Ort zu beraten (aktuell ist dies leider auch nur beschr\u00e4nkt m\u00f6glich). Haben Sie bereits konkrete Fragen, k\u00f6nnen wir Ihnen nat\u00fcrlich passend dazu auch beratend zur Seite stehen.<\/p>\r\n<p><strong>Wohnungssuche<\/strong><\/p>\r\n<p>Leider wird es immer schwieriger, bezahlbaren Wohnraum zu bekommen. Menschen mit einer sehr geringen Rente k\u00f6nnen sich jedoch bei der jeweiligen Kommune\/ Gemeinde auf eine Warteliste f\u00fcr gef\u00f6rderte Wohnungen setzen lassen. Dies bedeutet jedoch keinesfalls, dass es kurzfristig und auch mittelfristig m\u00f6glich ist, eine Wohnung vermittelt zu bekommen. Regeln Sie dies daher so fr\u00fch wie m\u00f6glich und wenden sich dazu gern an das Sozialamt ihrer Stadt!<\/p>\r\n<p>F\u00fcr allgemeine Informationen, z.B. um sich schon mal ein Bild von den M\u00f6glichkeiten zu machen finden Sie unten stehend einige Informationen zum Download:<\/p>\r\n<ul>\r\n<li><span style=\"text-decoration: underline;\"><span style=\"color: #3366ff; text-decoration: underline;\"><a style=\"color: #3366ff; text-decoration: underline;\" href=\"http:\/\/www.seniorenberatungsstelle-vortaunus.de\/wp-content\/uploads\/2017\/10\/Merkblatt_Finanzierung2017.pdf\" target=\"_blank\" rel=\"noopener noreferrer\"><strong><span style=\"color: #3366ff; text-decoration: underline;\">Merkblatt Wohnumfeldverbessernde Ma\u00dfnahmen &#8211; Finanzierung (Download PDF)<\/span><\/strong><\/a><\/span><\/span><\/li>\r\n<li>Wohnprojekte &#8211; Gemeinschaftliches Wohnen<br \/>&#8211; Projekt\u00fcbersicht: <span style=\"color: #3366ff;\"><a style=\"color: #3366ff;\" href=\"http:\/\/www.gemeinschaftliches-wohnen.de\/wohnprojekte\/projektuebersicht\/\" target=\"_blank\" rel=\"noopener noreferrer\"><strong>www.gemeinschaftliches-wohnen.de<\/strong> <\/a><\/span><br \/>&#8211; Projektsuche\/Wohnwunsch:<span style=\"color: #3366ff;\"><a style=\"color: #3366ff;\" href=\"https:\/\/www.wohnprojekte-portal.de\/home\/\" target=\"_blank\" rel=\"noopener noreferrer\"><strong>www.wohnprojekte-portal.de<\/strong><\/a><\/span><\/li>\r\n<li>Sicher und selbstbestimmt leben &#8211; allgemeine Infos des Hessischen Sozialministeriums <strong><span style=\"color: #3366ff;\"><a style=\"color: #3366ff;\" href=\"https:\/\/www.demografie-portal.de\/DE\/Publikationen\/2019\/wohnen-in-hessen-im-alter.pdf?__blob=publicationFile&amp;v=1\" target=\"_blank\" rel=\"noopener noreferrer\">Sicher und selbstbestimmt Leben<\/a><\/span><\/strong><\/li>\r\n<li>Im <span style=\"color: #3366ff;\"><strong><a style=\"color: #3366ff;\" href=\"https:\/\/www.mtk.org\/Seniorenwegweiser-1260.htm\" target=\"_blank\" rel=\"noopener noreferrer\">Seniorenwegweiser<\/a> <\/strong><\/span>des Main-Taunus-Kreises finden Sie Einrichtungen des Betreuten Wohnens, Ambulante Wohngemeinschaften f\u00fcr Demenzkranke sowie auch Pflegeheime<\/li>\r\n<\/ul>\r\n<p>&nbsp;<\/p>\r\n<hr \/>\r\n<h2>Wenn ein Umzug ansteht<\/h2>\r\n<h4>Wenn ein Umzug ansteht, gibt es einiges zu beachten. Auch hier ber\u00e4t Sie die Seniorenberatungsstelle gern.<\/h4>\r\n<p>Wir haben dazu eine Checkliste f\u00fcr Sie, die Sie zu Ihrer Orientierung und Organisation nutzen k\u00f6nnen. Weiter haben wir auch f\u00fcr Sie passende Informationen und k\u00f6nnen Ihnen auch Kontaktdaten der hiesigen Dienstleister sowie ein paar Tipps zur Finanzierung des Umzugs mit auf den Weg geben.<\/p>\r\n<hr \/>\r\n<h2>Hilfen beim Umgang mit neuen Medien<\/h2>\r\n<p>Wie erstellen Sie ein sicheres Passwort? Was sollten Sie beim Online-Banking beachten? Oder welche Gesundheitstipps aus dem Internet sind sinnvoll? Auf diese und viele weitere Fragen gibt Ihnen das Serviceportal \u201eSilver Tipps \u2013 sicher online!\u201c fundiert, verst\u00e4ndlich und werbefrei Antworten. \u00c4ltere Onliner und Onlinerinnen erhalten hier von Experten oder Wissenschaftlern konkrete Informationen, Anregungen und Tipps, die den t\u00e4glichen Umgang mit Internet, Smartphone und Co. sicher machen und Ber\u00fchrungs\u00e4ngste abbauen.<\/p>\r\n<p><span style=\"color: #3366ff;\">-hier geht es zur Seite: <a style=\"color: #3366ff;\" href=\"https:\/\/www.silver-tipps.de\/category\/helga-hilft\/\" target=\"_blank\" rel=\"noopener noreferrer\"><strong>www.silver-tipps.de<\/strong> <\/a><br \/>-hier finden Sie s\u00e4mtliche Anleitungen rund ums Handy: <strong><a style=\"color: #3366ff;\" href=\"https:\/\/smartphone-entdecken.de\/lernen-mit-video\/\" target=\"_blank\" rel=\"noopener\">https:\/\/smartphone-entdecken.de\/<\/a><\/strong><\/span><span style=\"color: #3366ff;\"><br \/>-hier geht es um konkrete Anleitungen f\u00fcr mobile Endger\u00e4te auf der Seite: <a href=\"https:\/\/digitales-fuer-einsteiger.de\/kostenfreie-anleitungen-tablet-handy-whatsapp-google-fotos\/\" target=\"_blank\" rel=\"noopener noreferrer\"><span style=\"color: #3366ff;\"><strong>Digitales f\u00fcr Anf\u00e4nger<\/strong><\/span><\/a><\/span><\/p>\r\n<hr \/>\r\n<h2 class=\"wp-block-heading\">Digitaler Nachlass<\/h2>\r\n<h3><span style=\"color: #000000;\"><strong>Letzter Wille zu gespeicherten Daten<\/strong><\/span><\/h3>\r\n\r\n\r\n\r\n<p><br \/>Auf der Seite der Verbraucherzentrale k\u00f6nnen Sie alles zu diesem Thema &#8211; z.B. \u00fcber die Vollmacht und das Testament &#8211; auch mit dazugeh\u00f6rigen Musterformularen erfahren und herunterladen.<\/p>\r\n\r\n\r\n\r\n<p>Hier geht es zur Seite: <a href=\"https:\/\/www.verbraucherzentrale.de\/wissen\/digitale-welt\/datenschutz\/digitaler-nachlass-letzter-wille-zu-gespeicherten-daten-12002\" target=\"_blank\" rel=\"noreferrer noopener\" aria-label=\"www.verbraucherzentrale.de (\u00f6ffnet in neuem Tab)\"><strong><span style=\"color: #3366ff;\">www.verbraucherzentrale.de<\/span><\/strong><\/a><\/p>\r\n\r\n\r\n\r\n<p>&nbsp;<\/p>\r\n","protected":false},"excerpt":{"rendered":"<p>H\u00e4usliche Hilfen &nbsp; Die Seniorenberatungsstelle ber\u00e4t Sie weiterhin gern zu allt\u00e4glichen Pflege- und Hilfsangeboten, u.a. zu den folgenden Themen: 24-Stunden-Pflege Ambulante Pflegedienste Hausnotruf Essen auf R\u00e4dern\/Mittagstisch Haushaltshilfen (diese werden mittlerweile kaum noch von Pflegediensten ohne weitere pflegerische Leistungen angeboten), wir k\u00f6nnen Ihnen jedoch Kontaktdaten anderer Anbieter von Hauswirtschaft (Selbstzahlung) nennen Betreuung und Begleitung (dies ist [&hellip;]<\/p>\n","protected":false},"author":1,"featured_media":0,"parent":12,"menu_order":0,"comment_status":"open","ping_status":"open","template":"","meta":{"footnotes":""},"class_list":["post-18","page","type-page","status-publish","hentry"],"_links":{"self":[{"href":"https:\/\/www.seniorenberatungsstelle-vortaunus.de\/index.php?rest_route=\/wp\/v2\/pages\/18","targetHints":{"allow":["GET"]}}],"collection":[{"href":"https:\/\/www.seniorenberatungsstelle-vortaunus.de\/index.php?rest_route=\/wp\/v2\/pages"}],"about":[{"href":"https:\/\/www.seniorenberatungsstelle-vortaunus.de\/index.php?rest_route=\/wp\/v2\/types\/page"}],"author":[{"embeddable":true,"href":"https:\/\/www.seniorenberatungsstelle-vortaunus.de\/index.php?rest_route=\/wp\/v2\/users\/1"}],"replies":[{"embeddable":true,"href":"https:\/\/www.seniorenberatungsstelle-vortaunus.de\/index.php?rest_route=%2Fwp%2Fv2%2Fcomments&post=18"}],"version-history":[{"count":158,"href":"https:\/\/www.seniorenberatungsstelle-vortaunus.de\/index.php?rest_route=\/wp\/v2\/pages\/18\/revisions"}],"predecessor-version":[{"id":1314,"href":"https:\/\/www.seniorenberatungsstelle-vortaunus.de\/index.php?rest_route=\/wp\/v2\/pages\/18\/revisions\/1314"}],"up":[{"embeddable":true,"href":"https:\/\/www.seniorenberatungsstelle-vortaunus.de\/index.php?rest_route=\/wp\/v2\/pages\/12"}],"wp:attachment":[{"href":"https:\/\/www.seniorenberatungsstelle-vortaunus.de\/index.php?rest_route=%2Fwp%2Fv2%2Fmedia&parent=18"}],"curies":[{"name":"wp","href":"https:\/\/api.w.org\/{rel}","templated":true}]}}