{"id":12,"date":"2013-10-24T18:08:26","date_gmt":"2013-10-24T16:08:26","guid":{"rendered":"http:\/\/www.seniorenberatungsstelle-vortaunus.de\/wp\/?page_id=12"},"modified":"2024-10-01T14:18:46","modified_gmt":"2024-10-01T12:18:46","slug":"was-wir-tun","status":"publish","type":"page","link":"https:\/\/www.seniorenberatungsstelle-vortaunus.de\/?page_id=12","title":{"rendered":"Beratung"},"content":{"rendered":"<p>Im aktuellen <span style=\"color: #3366ff;\"><a style=\"color: #3366ff;\" href=\"https:\/\/www.mtk.org\/statics\/ds_doc\/downloads\/Pflegestuetzpunkt_Seniorenwegweiser2024.pdf\" target=\"_blank\" rel=\"noopener\"><strong>Seniorenwegweiser<\/strong><\/a><\/span> erhalten Sie einen umfassenden \u00dcberblick \u00fcber alle Fragen, die mit dem \u00c4lterwerden im Main-Taunus-Kreis zusammenh\u00e4ngen. Sie finden Kontaktadressen von Anbietern von Beratung und Hilfe im Alter, Bilder und Aufgaben einzelner Institutionen und generelle Infos zu finanziellen Hilfen.<\/p>\n<div id=\"attachment_1316\" style=\"width: 257px\" class=\"wp-caption aligncenter\"><a href=\"https:\/\/www.mtk.org\/statics\/ds_doc\/downloads\/Pflegestuetzpunkt_Seniorenwegweiser2024.pdf\"><img loading=\"lazy\" decoding=\"async\" aria-describedby=\"caption-attachment-1316\" class=\"wp-image-1316 size-medium\" src=\"https:\/\/www.seniorenberatungsstelle-vortaunus.de\/wp-content\/uploads\/2024\/10\/Bild-SWW-2024-e1727784670239-247x300.jpg\" alt=\"Seniorenwegweiser Main-Taunus-Kreis 2024\" width=\"247\" height=\"300\" srcset=\"https:\/\/www.seniorenberatungsstelle-vortaunus.de\/wp-content\/uploads\/2024\/10\/Bild-SWW-2024-e1727784670239-247x300.jpg 247w, https:\/\/www.seniorenberatungsstelle-vortaunus.de\/wp-content\/uploads\/2024\/10\/Bild-SWW-2024-e1727784670239.jpg 285w\" sizes=\"auto, (max-width: 247px) 100vw, 247px\" \/><\/a><p id=\"caption-attachment-1316\" class=\"wp-caption-text\">Download des Seniorenwegweisers des Main-Taunus-Kreises 2024<\/p><\/div>\n<p>&nbsp;<\/p>\n<p>Gern beraten wir Sie pers\u00f6nlich zu diesen und anderen Themen auf dieser Seite. Sie k\u00f6nnen jedoch auch weitere Infos \u00fcber die Links dazu erhalten.<\/p>\n<p><strong>1.Finanzielle Hilfen<\/strong> &#8211; n\u00e4here Informationen <span style=\"color: #3366ff;\"><a style=\"color: #3366ff;\" href=\"http:\/\/www.seniorenberatungsstelle-vortaunus.de\/?page_id=16\" target=\"_blank\" rel=\"noopener noreferrer\">hier:<\/a><\/span><\/p>\n<p><strong>2.Leben zu Hause<\/strong> &#8211; n\u00e4here Informationen <span style=\"color: #3366ff;\"><a style=\"color: #3366ff;\" href=\"http:\/\/www.seniorenberatungsstelle-vortaunus.de\/?page_id=18\" target=\"_blank\" rel=\"noopener noreferrer\">hier:<\/a><\/span><\/p>\n<p><strong>3.Mobilit\u00e4t<\/strong> &#8211; n\u00e4here Informationen <span style=\"color: #3366ff;\"><a style=\"color: #3366ff;\" href=\"http:\/\/www.seniorenberatungsstelle-vortaunus.de\/?page_id=20\" target=\"_blank\" rel=\"noopener noreferrer\">hier:<\/a><\/span><\/p>\n<p><strong>4.Rechtliche Vorsorge sowie Hilfen im Todesfall<\/strong> &#8211; n\u00e4here Informationen <span style=\"color: #3366ff;\"><a style=\"color: #3366ff;\" href=\"http:\/\/www.seniorenberatungsstelle-vortaunus.de\/?page_id=22\" target=\"_blank\" rel=\"noopener noreferrer\">hier:<\/a><\/span><\/p>\n<p><strong>5.Hilfe f\u00fcr Angeh\u00f6rige<\/strong> &#8211; n\u00e4here Informationen <span style=\"color: #3366ff;\"><a style=\"color: #3366ff;\" href=\"http:\/\/www.seniorenberatungsstelle-vortaunus.de\/?page_id=24\" target=\"_blank\" rel=\"noopener noreferrer\">hier:<\/a><\/span><\/p>\n<p><strong>6.Pflegeeinrichtungen und andere Pflegeinstitutionen<\/strong> &#8211; n\u00e4here Informationen <a href=\"https:\/\/www.aok.de\/pk\/cl\/hessen\/pflege\/pflegenavigator\/pflegeheim\/\" target=\"_blank\" rel=\"noopener noreferrer\"><span style=\"text-decoration: underline;\"><span style=\"color: #3366ff; text-decoration: underline;\">hier:<\/span><\/span><\/a><\/p>\n<p><strong>7. Sicherheitsberatung <\/strong>&#8211; n\u00e4here Informationen <span style=\"text-decoration: underline; color: #3366ff;\"><a style=\"color: #3366ff; text-decoration: underline;\" href=\"http:\/\/www.seniorenberatungsstelle-vortaunus.de\/?page_id=435\">hier:<\/a><\/span><\/p>\n","protected":false},"excerpt":{"rendered":"<p>Im aktuellen Seniorenwegweiser erhalten Sie einen umfassenden \u00dcberblick \u00fcber alle Fragen, die mit dem \u00c4lterwerden im Main-Taunus-Kreis zusammenh\u00e4ngen. Sie finden Kontaktadressen von Anbietern von Beratung und Hilfe im Alter, Bilder und Aufgaben einzelner Institutionen und generelle Infos zu finanziellen Hilfen. &nbsp; Gern beraten wir Sie pers\u00f6nlich zu diesen und anderen Themen auf dieser Seite. Sie [&hellip;]<\/p>\n","protected":false},"author":1,"featured_media":0,"parent":0,"menu_order":0,"comment_status":"open","ping_status":"open","template":"","meta":{"footnotes":""},"class_list":["post-12","page","type-page","status-publish","hentry"],"_links":{"self":[{"href":"https:\/\/www.seniorenberatungsstelle-vortaunus.de\/index.php?rest_route=\/wp\/v2\/pages\/12","targetHints":{"allow":["GET"]}}],"collection":[{"href":"https:\/\/www.seniorenberatungsstelle-vortaunus.de\/index.php?rest_route=\/wp\/v2\/pages"}],"about":[{"href":"https:\/\/www.seniorenberatungsstelle-vortaunus.de\/index.php?rest_route=\/wp\/v2\/types\/page"}],"author":[{"embeddable":true,"href":"https:\/\/www.seniorenberatungsstelle-vortaunus.de\/index.php?rest_route=\/wp\/v2\/users\/1"}],"replies":[{"embeddable":true,"href":"https:\/\/www.seniorenberatungsstelle-vortaunus.de\/index.php?rest_route=%2Fwp%2Fv2%2Fcomments&post=12"}],"version-history":[{"count":34,"href":"https:\/\/www.seniorenberatungsstelle-vortaunus.de\/index.php?rest_route=\/wp\/v2\/pages\/12\/revisions"}],"predecessor-version":[{"id":1322,"href":"https:\/\/www.seniorenberatungsstelle-vortaunus.de\/index.php?rest_route=\/wp\/v2\/pages\/12\/revisions\/1322"}],"wp:attachment":[{"href":"https:\/\/www.seniorenberatungsstelle-vortaunus.de\/index.php?rest_route=%2Fwp%2Fv2%2Fmedia&parent=12"}],"curies":[{"name":"wp","href":"https:\/\/api.w.org\/{rel}","templated":true}]}}