{"id":10,"date":"2013-10-24T18:08:17","date_gmt":"2013-10-24T16:08:17","guid":{"rendered":"http:\/\/www.seniorenberatungsstelle-vortaunus.de\/wp\/?page_id=10"},"modified":"2023-12-13T17:47:40","modified_gmt":"2023-12-13T15:47:40","slug":"ueber-uns","status":"publish","type":"page","link":"https:\/\/www.seniorenberatungsstelle-vortaunus.de\/?page_id=10","title":{"rendered":"\u00dcber uns"},"content":{"rendered":"<h2>Ihre Ansprechpartner<\/h2>\n<table class=\"ansprechpartner\">\n<tbody>\n<tr>\n<td class=\"aligncenter\"><img loading=\"lazy\" decoding=\"async\" class=\"alignnone wp-image-74\" src=\"http:\/\/www.seniorenberatungsstelle-vortaunus.de\/wp-content\/uploads\/2013\/10\/wappen_mandy-300x300.jpg\" alt=\"wappen_mandy\" width=\"281\" height=\"281\" \/><\/p>\n<p><strong>Mandy Heckerle<\/strong><br \/>\nDiplom-Sozialarbeiterin<br \/>\nZust\u00e4ndig f\u00fcr<br \/>\n<strong>Bad Soden<\/strong><br \/>\nBuchstabe A-R<\/p>\n<p>Pers\u00f6nliche Sprechstunde:<br \/>\ndonnerstags 14:00 Uhr bis 16:00 Uhr<br \/>\n(bitte Termin vorher vereinbaren)<\/td>\n<td class=\"aligncenter\"><img loading=\"lazy\" decoding=\"async\" class=\" wp-image-76\" src=\"http:\/\/www.seniorenberatungsstelle-vortaunus.de\/wp-content\/uploads\/2013\/10\/wappen_anja-285x300.jpg\" alt=\"wappen_anja\" width=\"241\" height=\"253\" srcset=\"https:\/\/www.seniorenberatungsstelle-vortaunus.de\/wp-content\/uploads\/2013\/10\/wappen_anja-285x300.jpg 285w, https:\/\/www.seniorenberatungsstelle-vortaunus.de\/wp-content\/uploads\/2013\/10\/wappen_anja.jpg 326w\" sizes=\"auto, (max-width: 241px) 100vw, 241px\" \/><\/p>\n<p><strong>Anja Brockmann<\/strong><br \/>\nDiplom-Sozialarbeiterin<br \/>\nZust\u00e4ndig f\u00fcr<br \/>\n<strong>Liederbach<\/strong><br \/>\nLiederbach: komplett<br \/>\n<strong>Bad Soden<\/strong>: Buchstabe S-Z<\/p>\n<p>Pers\u00f6nliche Sprechstunde:<br \/>\nmittwochs 14:00 Uhr bis 15:30 Uhr<br \/>\n(bitte Termin vorher vereinbaren)<\/td>\n<td class=\"aligncenter\"><img loading=\"lazy\" decoding=\"async\" class=\" wp-image-77\" src=\"http:\/\/www.seniorenberatungsstelle-vortaunus.de\/wp-content\/uploads\/2013\/10\/wappen_christoph-281x300.jpg\" alt=\"wappen_christoph\" width=\"261\" height=\"279\" srcset=\"https:\/\/www.seniorenberatungsstelle-vortaunus.de\/wp-content\/uploads\/2013\/10\/wappen_christoph-281x300.jpg 281w, https:\/\/www.seniorenberatungsstelle-vortaunus.de\/wp-content\/uploads\/2013\/10\/wappen_christoph.jpg 321w\" sizes=\"auto, (max-width: 261px) 100vw, 261px\" \/><\/p>\n<p><strong>Christoph Niemitz<\/strong><br \/>\nDiplom-Sozialarbeiter<br \/>\nZust\u00e4ndig f\u00fcr<br \/>\n<strong>Sulzbach<\/strong><\/p>\n<p>vorrangig montags und dienstags<br \/>\n(bitte vorher einen Termin vereinbaren)<\/td>\n<\/tr>\n<\/tbody>\n<\/table>\n<h2>Sprechzeiten<\/h2>\n<p>Sie erreichen uns in der Regel telefonisch montags bis freitags in der Zeit von 9:00 Uhr bis 12:00 Uhr sowie nach individueller Terminvereinbarung. Es kann jedoch sein, dass wir in diesen Zeiten im Gespr\u00e4ch oder bei Hausbesuchen sind. Sprechen Sie dann bitte auf den Anrufbeantworter. Wir rufen Sie dann schnellstm\u00f6glich zur\u00fcck.<\/p>\n<p>Wenn Sie uns aufsuchen, empfiehlt es sich, mit uns einen Termin zu vereinbaren. Diese sind dann auch zu anderen Zeiten m\u00f6glich.<\/p>\n<p>Gern besuchen wir Sie auch zu Hause, wenn Sie dies w\u00fcnschen.<\/p>\n<h2>Das schreibt man \u00fcber uns<\/h2>\n<ul>\n<li><span style=\"color: #0000ff;\"><a style=\"color: #0000ff;\" href=\"http:\/\/www.seniorenberatungsstelle-vortaunus.de\/wp-content\/uploads\/2020\/11\/20201026-HK-Mehr-Nachfrage-an-Seniorenberatung.pdf\" target=\"_blank\" rel=\"noopener noreferrer\">Artikel (HK) vom 26.10.2020<\/a><\/span><\/li>\n<li><span style=\"text-decoration: underline;\"><span style=\"color: #0000ff; text-decoration: underline;\"><a href=\"http:\/\/www.seniorenberatungsstelle-vortaunus.de\/wp-content\/uploads\/2016\/08\/Lie-20160808-HK-Hilfe-im-Alter-Ihr-Rat-ist-immer-st\u00e4rker-gefragt.pdf\" target=\"_blank\" rel=\"noopener noreferrer\">Artikel (HK) vom 08.08.2016<\/a><\/span><\/span><\/li>\n<li><a href=\"http:\/\/www.seniorenberatungsstelle-vortaunus.de\/wp-content\/uploads\/2015\/12\/Su-20150828-HKB-Dicke-und-sein-Team.pdf\" target=\"_blank\" rel=\"noopener noreferrer\">Artikel (FNP) vom 28.08.2015<\/a><\/li>\n<li><a href=\"http:\/\/www.seniorenberatungsstelle-vortaunus.de\/wp-content\/uploads\/2013\/10\/Artikel-FNP-2014.pdf\">Artikel (FNP) vom 20.06.2014<\/a><\/li>\n<li><a href=\"http:\/\/www.seniorenberatungsstelle-vortaunus.de\/wp-content\/uploads\/2013\/10\/01-Immer-mehr-Klienten_271113.pdf\">Artikel (FNP) vom 27.11.2013<\/a><\/li>\n<li><a href=\"http:\/\/www.seniorenberatungsstelle-vortaunus.de\/wp-content\/uploads\/2013\/10\/02-Beratungsbedarf-scheint-ges\u00e4ttigt_100713.pdf\">Artikel (FNP) vom 10.07.2013<\/a><\/li>\n<li><a href=\"http:\/\/www.seniorenberatungsstelle-vortaunus.de\/wp-content\/uploads\/2013\/10\/03-Senioren-bekommen-dritten-Berater_091012.pdf\">Artikel (FNP) vom 09.10.2012<\/a><\/li>\n<li><a href=\"http:\/\/www.seniorenberatungsstelle-vortaunus.de\/wp-content\/uploads\/2013\/10\/04-Hier-wird-seri\u00f6s-informiert_150812.pdf\">Artikel (FNP) vom 15.08.2012<\/a><\/li>\n<\/ul>\n","protected":false},"excerpt":{"rendered":"<p>Ihre Ansprechpartner Mandy Heckerle Diplom-Sozialarbeiterin Zust\u00e4ndig f\u00fcr Bad Soden Buchstabe A-R Pers\u00f6nliche Sprechstunde: donnerstags 14:00 Uhr bis 16:00 Uhr (bitte Termin vorher vereinbaren) Anja Brockmann Diplom-Sozialarbeiterin Zust\u00e4ndig f\u00fcr Liederbach Liederbach: komplett Bad Soden: Buchstabe S-Z Pers\u00f6nliche Sprechstunde: mittwochs 14:00 Uhr bis 15:30 Uhr (bitte Termin vorher vereinbaren) Christoph Niemitz Diplom-Sozialarbeiter Zust\u00e4ndig f\u00fcr Sulzbach vorrangig montags [&hellip;]<\/p>\n","protected":false},"author":1,"featured_media":0,"parent":0,"menu_order":0,"comment_status":"open","ping_status":"open","template":"","meta":{"footnotes":""},"class_list":["post-10","page","type-page","status-publish","hentry"],"_links":{"self":[{"href":"https:\/\/www.seniorenberatungsstelle-vortaunus.de\/index.php?rest_route=\/wp\/v2\/pages\/10","targetHints":{"allow":["GET"]}}],"collection":[{"href":"https:\/\/www.seniorenberatungsstelle-vortaunus.de\/index.php?rest_route=\/wp\/v2\/pages"}],"about":[{"href":"https:\/\/www.seniorenberatungsstelle-vortaunus.de\/index.php?rest_route=\/wp\/v2\/types\/page"}],"author":[{"embeddable":true,"href":"https:\/\/www.seniorenberatungsstelle-vortaunus.de\/index.php?rest_route=\/wp\/v2\/users\/1"}],"replies":[{"embeddable":true,"href":"https:\/\/www.seniorenberatungsstelle-vortaunus.de\/index.php?rest_route=%2Fwp%2Fv2%2Fcomments&post=10"}],"version-history":[{"count":73,"href":"https:\/\/www.seniorenberatungsstelle-vortaunus.de\/index.php?rest_route=\/wp\/v2\/pages\/10\/revisions"}],"predecessor-version":[{"id":1262,"href":"https:\/\/www.seniorenberatungsstelle-vortaunus.de\/index.php?rest_route=\/wp\/v2\/pages\/10\/revisions\/1262"}],"wp:attachment":[{"href":"https:\/\/www.seniorenberatungsstelle-vortaunus.de\/index.php?rest_route=%2Fwp%2Fv2%2Fmedia&parent=10"}],"curies":[{"name":"wp","href":"https:\/\/api.w.org\/{rel}","templated":true}]}}